nd v.
10
Let r be (-24)/(-9) + (-2)/3. Suppose -84 = -4*j + r*j + 4*f, -84 = -2*j + 5*f. Let l = 10 + 4. Calculate the greatest common divisor of j and l.
14
Let c(f) = -9*f**3 + f**2 + 7*f + 23. Let y be c(-4). Let k = y + -334. Suppose -46 = -0*s - 2*s. Calculate the highest common factor of k and s.
23
Suppose -k + 75 = 14*k. Suppose 0 = k*j + 40 - 1085. Calculate the greatest common factor of 11 and j.
11
Let w(t) = 3*t**2 + 7*t - 12. Let p be w(-5). Let f = p + -28. Suppose 0*y + y - 16 = f. Calculate the highest common divisor of 4 and y.
4
Let n(d) = -115*d + 61. Let a be (-22)/10 - ((-27)/(-15) + -1). Let y be n(a). What is the highest common factor of 14 and y?
14
Let t(i) = i**3 - 9*i**2 - 45*i + 118. Let u be t(12). Let b be (-295)/(2 + (-2)/((-4)/(-5))). Calculate the greatest common factor of u and b.
10
Suppose -2*n + o + 34 = -5*n, 28 = -2*n + 2*o. Let c be ((-128)/n)/(8/12). Let i = -7 + 11. What is the greatest common factor of i and c?
4
Suppose 4*u - 1007 = 5*n - 265, -4*n + 541 = 3*u. What is the greatest common divisor of u and 2989?
61
Let g(x) = 24*x**2 + 36*x - 1. Let w be g(-2). What is the highest common factor of 25 and w?
1
Let b = 6614 + -6350. Let o = -136 - -334. Calculate the greatest common factor of o and b.
66
Suppose 2*u = t - 22, 0 = -5*t + 5*u + 72 + 13. What is the greatest common divisor of 428 and t?
4
Suppose 12*v + 584 + 1456 = 46*v. Calculate the highest common factor of v and 120.
60
Suppose h + 6*h - 21 = 0. Suppose 2*z - 42 = -h*a, 16 = 5*z + 1. Suppose -t = t - a. Calculate the highest common divisor of t and 102.
6
Suppose 2*n = 3*c + 15 - 4, 4*c + 32 = 4*n. Let b = n + 51. Suppose 4*v + 16 = 5*v. Calculate the greatest common divisor of b and v.
16
Let g = 695 + -611. Let j be (-145)/(-58)*g/5. What is the highest common factor of j and 399?
21
Let a = 97 + -48. Suppose 4*l - 4*v - a = 23, 2*v + 10 = 0. Let o be (-678)/(-4) - (-13)/(-26). What is the highest common divisor of o and l?
13
Let l = 412 - 217. Let d = l - 99. What is the highest common divisor of d and 24?
24
Let j = 117 + -83. Suppose 4*n - n = 51. What is the greatest common factor of n and j?
17
Let h = 6117 + -5246. Calculate the greatest common factor of h and 156.
13
Let m be (218848/119)/(-8) + (-4)/34. Let b = m + 460. What is the greatest common factor of b and 10?
10
Let f be 5 - (74 - 2) - 5. Let c = 64 + f. Let x be (-2)/7 - ((-2720)/(-14))/c. Calculate the greatest common divisor of x and 16.
8
Let c = 31 + 12. Suppose 5*v = -2*f + 38, 0 = 2*v - 7*v + 3*f + c. Suppose v*q - 2*q = 252. What is the greatest common divisor of 294 and q?
42
Let t = 11 - -325. Suppose -3*h + 196 + 12 = -4*v, -5*h - 4*v = -t. What is the highest common factor of h and 51?
17
Suppose -3*g = 2*c, 18 = -9*c + 14*c + 3*g. Let y(t) = -t**3 - 8*t**2 + 8*t - 4. Let d be y(-9). What is the greatest common divisor of d and c?
1
Suppose 4*t + 5*j - 1927 = 0, 4*t - 6*j - 1972 = -2*j. Let x = -254 + t. What is the highest common factor of 390 and x?
78
Let v = 57 + -223. Let l be v/(-4) + 1 + 9/(-6). Let u(x) = -6*x**3 + x**2 - 2*x + 2. Let g be u(-4). What is the greatest common divisor of l and g?
41
Suppose -57*h + 152 + 122 + 182 = 0. Let g(f) = f**2 - f + 88. Let l be g(0). What is the highest common divisor of h and l?
8
Suppose -61*u - 4614 = -k - 65*u, 0 = -k + 4*u + 4646. Calculate the greatest common factor of k and 60.
10
Let h(g) = 3*g**3 - 4*g**2 + 7*g - 6. Suppose -2*w - 3 = -3*j, 0 = j - 1 - 2. Let d be h(w). Calculate the highest common divisor of d and 12.
12
Let h be ((0 - 2)*6)/(2/(-3)). Suppose -2*g - 38 = -2*o, -4*o + 2*o + h = 2*g. Suppose -56 = -0*x - 4*x. What is the highest common factor of x and o?
14
Let n(p) = -p**2 - p - 1. Let i(m) = -m. Let b(u) = 6*i(u) - 5*n(u). Let v be b(-3). Let k = 58 - v. What is the highest common divisor of 5 and k?
5
Let m = 3830 + -1394. Suppose -1938 = -18*r + m. What is the highest common factor of r and 18?
9
Suppose -3*d + t + 9 = 4*t, 0 = 2*d + 4*t + 4. Let z be (d/(-10))/((-60)/18150). What is the greatest common divisor of z and 22?
22
Let t = -125 - -153. Let x(l) = l**3 + 8*l**2 + 6*l - 4. Let f be x(-7). Let u be f + (-663)/(-2 + -1). What is the greatest common factor of t and u?
28
Suppose 30 = 5*y + 5. Let t(p) = -25*p + 4. Let h(v) = -275*v + 45. Let l(s) = -4*h(s) + 45*t(s). Let u be l(-1). What is the highest common factor of u and y?
5
Let m = 20 - 8. Let o(q) = 30*q**2 + 57*q. Let u be o(-2). What is the highest common divisor of m and u?
6
Let x be 20820/44 - -1 - 182/1001. Calculate the highest common divisor of x and 1501.
79
Suppose -2*k - 90 = 114. Let i = -97 - k. Suppose -i*b - 10 = -75. Calculate the greatest common factor of 221 and b.
13
Let v = -868 - -1286. Let j = v + -412. Calculate the highest common factor of j and 192.
6
Let r be (-12)/(-18)*3/(-2) - -1. Let g(o) = 5 + 0 + o + r*o + 17. Let t be g(5). What is the greatest common divisor of 3 and t?
3
Let o = 28909 - 21839. What is the greatest common divisor of 70 and o?
70
Let i = 11045 - -2405. What is the highest common divisor of 25 and i?
25
Let v be (7/((-14)/(-82)))/(1/15). Suppose -3*n = 3*g - v, 0*g - 2*g + 440 = -4*n. What is the highest common divisor of g and 140?
70
Let u = 4685 - 4480. What is the highest common divisor of u and 410?
205
Let o be -10*18/540 - (-98)/6. Suppose 4*h - r = 97, -3*h + 74 = -11*r + 9*r. What is the greatest common factor of h and o?
8
Suppose -o = -18*o + 4*o + 4784. Calculate the highest common factor of 552 and o.
184
Let t = -30107 + 39209. Calculate the greatest common factor of t and 492.
246
Let j = 7621 + -5191. What is the highest common factor of 324 and j?
162
Let s(r) = 15*r - 53. Let g be s(20). Let d = g + -243. Calculate the highest common factor of d and 20.
4
Let j = 321 - 169. Suppose 13 = 5*m - j. Let g be 2/7 - 300/(-28). What is the highest common divisor of m and g?
11
Suppose 4*v + 0*u = u - 34, 0 = 4*v + u + 38. Let q(k) = 2*k**2 + 12*k + 16. Let d be q(v). Let x = d - 51. What is the highest common divisor of x and 171?
19
Let a(i) = -40*i + 94. Let h be a(-5). What is the greatest common divisor of 6 and h?
6
Let b = 301 + -58. Let w(t) = 3*t**3 - 150*t**2 + 27. Let z be w(50). Calculate the highest common divisor of z and b.
27
Let s(j) = 8*j**2 - 36*j + 522. Let f be s(-11). Calculate the greatest common factor of f and 492.
82
Suppose 9*d - 123 = 1551. Calculate the greatest common divisor of d and 6.
6
Let a(m) = 12*m**2 + 125*m + 199. Let b be a(-12). What is the highest common divisor of 301 and b?
7
Let z = 23761 - 22071. What is the highest common factor of z and 1170?
130
Let a(i) = 208*i**3 - i. Let m be a(1). Let g(r) = 147*r + 3574. Let n be g(-24). Calculate the highest common divisor of n and m.
23
Let h be 4*-1 + 13 + 119/7. Calculate the greatest common divisor of h and 7514.
26
Let n(q) = -q**3 - 13*q**2 + 10*q - 11. Let k be n(-14). Suppose -13 = -3*t + 116. Let s = 73 - t. What is the highest common factor of k and s?
15
Suppose 52*v = 57*v - 20. Suppose v*b - 192 = -2*b. What is the highest common factor of 304 and b?
16
Suppose 3*t - 256 = 4*c, 4*t - 205 - 92 = -c. Calculate the highest common divisor of 2812 and t.
76
Suppose 0 = 2*k - 8, 2*b + 7*k = 4*k + 4. Let d = 15 + -15. Let w be 6 + (6 - d)*b/6. Calculate the highest common factor of w and 6.
2
Let j = 17166 + -17114. What is the greatest common divisor of 27976 and j?
52
Suppose 0 = -4*z - f + 278, -5*f + 335 = 5*z - 5. Let c(x) = -3*x**2 - 172*x + 4711. Let y be c(-76). Calculate the greatest common factor of z and y.
35
Let w = -602 + 1270. What is the greatest common factor of w and 4?
4
Suppose -a - 2*b = -385 - 133, 2024 = 4*a + 2*b. What is the highest common factor of a and 10?
2
Let q = 9750 + -8386. Calculate the greatest common factor of 558 and q.
62
Suppose 19 = 5*r - 281. Let k = r + -18. Let v be 21*7/((-21)/(-4)). What is the highest common divisor of v and k?
14
Suppose 88 = -3*f + 235. Suppose -22*k - 3*k = -150*k + 6125. What is the highest common divisor of f and k?
49
Let b be (-2 - (-30)/(-4))/((-50)/200). Suppose 3*r = r + 3*h - 196, -2*r - 206 = 2*h. Let n = -44 - r. Calculate the highest common divisor of b and n.
19
Suppose -g + 4*d + 4